 - 74. List the prime factors of d.
37
Suppose 3*c = -3*w + w + 13, 9 = 4*c + w. Let m(p) = -3*p + 20. Let g be m(7). List the prime factors of c + 2/g + 36.
5, 7
What are the prime factors of (-1 + (12 - 9))/((-2)/(-1702))?
2, 23, 37
Let i(v) = -3*v**2 + 19*v - 78. Let a be i(9). Suppose -7*o - 400 = -3*o. Let j = o - a. What are the prime factors of j?
2, 5
Let t(u) = -u**3 - 8*u**2 - 2*u - 5. Let f be t(-9). Let m = f + -20. List the prime factors of m.
2, 37
Let w(x) = -21*x**3 - 2*x**2 + 2. Let a be w(-2). Suppose 3*p = 4*p - a. What are the prime factors of (1/3)/(6/p)?
3
Let m = 681 - 475. Suppose m = 2*j - 4*f, -j + f + 2*f + 105 = 0. List the prime factors of j.
3, 11
Let c(i) = -i**2. Suppose 10 = -3*l + 4. Let d(u) = u**3 - 9*u**2 + 4*u - 9. Let h(m) = l*c(m) + d(m). What are the prime factors of h(7)?
19
Let t = -98 + 524. List the prime factors of t.
2, 3, 71
Let y(w) = 348*w**2 - 4*w - 4. What are the prime factors of y(-1)?
2, 3, 29
Suppose 3*l + 3000 = -3*r + 7*r, -16 = -4*l. What are the prime factors of r?
3, 251
Suppose -2*b - 2584 = -6*z + 2*z, 4*b = -5*z + 3230. What are the prime factors of z?
2, 17, 19
Let j = 3895 + -2322. Suppose 4*h = 17*h - j. List the prime factors of h.
11
Suppose -2*x = 180 + 190. Let j = 268 + x. What are the prime factors of j?
83
Suppose -5*x + x = -88. Suppose 19*l + 192 = x*l. What are the prime factors of l?
2
Let a = -3 + 3. Suppose 3 = -5*l + 4*c - 97, a = 3*c - 15. Let h = l + 26. What are the prime factors of h?
2, 5
Let a = 143 - 101. Let o = 105 - a. What are the prime factors of o?
3, 7
Suppose 4*k - 4468 = -2*q, k + 2*k - 3 = 0. What are the prime factors of q?
2, 3, 31
Suppose 8*o = 10*o + 6. List the prime factors of (2 - (-88)/(-3))/(o/18).
2, 41
Let k = -798 + 1173. Suppose -v + 75 = -3*f, 0*f = -5*v + f + k. List the prime factors of v.
3, 5
Let b = -126 + 646. What are the prime factors of b?
2, 5, 13
Let t(k) = k**3 - k**2 - 6*k + 2. Let g = 16 - 14. Suppose g*w - 2*s = 8, 2*w - s = 10 - 2. What are the prime factors of t(w)?
2, 13
Let j be (-699)/(-21) + 12/(-42). Suppose -2*i + 12 = -4*s, 4*s + j = 13. List the prime factors of 72 + (i - (-7 - -4)).
71
Suppose -285 = -3*f + 120. Let y = f + -66. List the prime factors of y.
3, 23
What are the prime factors of 71/(1/(-1)*-1)?
71
Let z(f) = -f**3 + 12*f**2 + 12*f + 11. Let s be z(13). List the prime factors of s/((-56)/(-102) + (-10)/15).
17
Suppose 40*m - 289 = 39*m. Suppose -725 = -3*x - 2*t - m, 4*x + 2*t = 578. What are the prime factors of x?
2, 71
Suppose 0 = -0*g - 2*g + 44. Let q = g - 19. Suppose -4*s + 148 = -q*d, -2*s + 76 = d - 3*d. List the prime factors of s.
2, 17
Suppose -2*x - 3*x = 45. Let w be 272/x - 20/(-90). What are the prime factors of (-7 + 6)*w/2?
3, 5
Let z be 1*(-1 + 11 + 2). Let v = 12 - z. Suppose 5*x - 5 = v, -4*x + x - 3 = -3*y. What are the prime factors of y?
2
Let y(q) = 5*q**2 + 7*q + 40. Let w be y(-19). Suppose -5*j = 3*l - w, 5 = 5*l - 15. List the prime factors of j.
2, 5, 17
Let w = -9 - -6. Let j = 23 + -13. Let q = j + w. What are the prime factors of q?
7
Let j(z) = -19*z + 8. What are the prime factors of j(-17)?
331
Let r = -174 + 171. Suppose 0 = 2*x - 2*h - 22, -3*x + 69 = x + h. Let q = x + r. List the prime factors of q.
13
Let x(n) be the third derivative of -8/3*n**3 - 5/24*n**4 + 0*n + 0 - 9*n**2. List the prime factors of x(-5).
3
Let v = 24 - 21. Suppose -3*p - 3 = 0, -5*f + v*p - 33 + 231 = 0. What are the prime factors of f?
3, 13
Let i(y) be the third derivative of 25*y**4/24 + 17*y**3/6 + 16*y**2 + 2*y. What are the prime factors of i(4)?
3, 13
List the prime factors of (1102/(-95))/((-2)/130).
2, 13, 29
Let m = -290 + 512. Suppose 70 = -2*k + m. Suppose 4*q - 3*i + 0*i - 138 = 0, 5*i = 2*q - k. List the prime factors of q.
3, 11
Let s(l) = 5*l - 27. Let b(q) = -11*q + 55. Let d(o) = -4*b(o) - 9*s(o). Let x be 4/8*(-1 - -1). List the prime factors of d(x).
23
Suppose -3*p - 5*r + 23 = 0, 4*p = r + 4*r + 54. Suppose -4*b + 11 = 3*w, -4*w + p = 2*b + 3. What are the prime factors of (b + 1)/(-3) - -49?
2, 3
Suppose -2*i = 6, 13 = 2*d + 3*i - 2*i. What are the prime factors of 6 - (1 - (d + -4))?
3
Suppose -2*k - m + 2 = 0, 4*m = 3*k - 7*k - 4. Let r = 335 + -228. Suppose k*v - r = -8. List the prime factors of v.
3, 11
Suppose -2*z - 3*d = -640, z + 4*d = -d + 306. List the prime factors of z.
2, 163
Let y(i) = -i**2 + 15*i. Let j be y(8). Suppose 52 + j = c. Let u = c + -68. List the prime factors of u.
2, 5
What are the prime factors of (-6)/4 + (-2575)/(-10)?
2
Suppose 244 = 4*t - 3*m, 0*m = -5*t - 2*m + 328. Let l = 979 + -977. Suppose 5*f + 80 = l*r, -2*r - 2*f = f - t. List the prime factors of r.
5, 7
Suppose -68972 = 52*d - 218888. What are the prime factors of d?
3, 31
Let l(o) = o**2 + 18*o + 32. Let z be l(-16). Suppose w + 4*q = 64, 2*w + 5*q - 3*q - 140 = z. What are the prime factors of w?
2, 3
Let p = -598 + 1413. Suppose v - 6*v = -p. What are the prime factors of v?
163
Let s be (4 - 3)*-1 + 5. Suppose s*u - 52 = -0. Let k = u + 11. What are the prime factors of k?
2, 3
Let x be 7/14*2*6. Suppose x*h = 4*h + 154. List the prime factors of h.
7, 11
Let t = -22 + 21. Let h(o) = -o. Let i be h(t). What are the prime factors of -2 + i + (6 - -63)?
2, 17
What are the prime factors of 18/48 - (-2 + (-973)/8)?
2, 31
Suppose -2*a - 5 + 399 = 2*n, 4*a + 570 = 3*n. Let o = n - 109. What are the prime factors of o?
5, 17
Suppose 11*r - 7*r + 4908 = 2*l, 5*l - 5*r - 12280 = 0. List the prime factors of l.
2, 1229
Let x(w) = 18*w**2 + 3*w - 1. Let h be x(2). Let u = h - 27. Suppose 2*l + 3*l = u. What are the prime factors of l?
2, 5
Suppose -4*j - l + 4496 = 0, -3*j + 6*l + 3372 = 2*l. What are the prime factors of j?
2, 281
Suppose -241 = -2*o - 2*o + 5*q, 3*q + 121 = 2*o. Let l = -41 + o. Suppose -4*c - 3*i - l = -9*c, c + i - 10 = 0. What are the prime factors of c?
2, 3
Let s be (-6 + 5)/((-3)/9). List the prime factors of (-39 + s)*(-54)/24.
3
Suppose 0 = -3*u - p + 10, 3*p = 3*u + 2*p - 8. Suppose -5*x + 6 = -u*x. What are the prime factors of x?
3
Let p(b) = b**3 - 8*b**2 + 8*b + 5. Let u be p(7). Let d(g) = -g**2 + 2*g + 13 - 3*g - 3 + 14*g. What are the prime factors of d(u)?
2, 11
Let u = 386 - 43. What are the prime factors of u?
7
Let h = 85 + 38. Let r = h + -48. What are the prime factors of r?
3, 5
Let z(q) = 211*q - 206. List the prime factors of z(2).
2, 3
Let a(c) = -3 + 5*c**2 - 3*c**2 + 5 + 3*c. Let i be a(-4). Suppose 0 = -4*u + i + 18. List the prime factors of u.
2, 5
Let d(h) = -h**2 - 45*h + 11. What are the prime factors of d(-26)?
5, 101
Let f be 0 + (153 + 0 - 3). Suppose -f - 60 = -7*c. List the prime factors of c.
2, 3, 5
Let y(b) = b - 16*b**2 + 1 - 2*b + 74*b**2. What are the prime factors of y(1)?
2, 29
Let h(c) = -c**3 + 9*c**2 - 7*c. Let z be h(8). Suppose 0*t + 24 = z*t. Let n(k) = 4*k**2 + 4*k - 5. List the prime factors of n(t).
43
Let v = 212 - -162. Suppose 10*k = 1614 - v. What are the prime factors of k?
2, 31
Let w = 124 + -40. Suppose -5*r + w = -2*r. Let z = r + 3. List the prime factors of z.
31
Suppose 50 = -2*k + 46, -2*c - 5*k + 318 = 0. What are the prime factors of c?
2, 41
Let s(c) = 12*c - 12. Let h be s(-5). Let g = 120 + h. What are the prime factors of g?
2, 3
Suppose -66*c + 153 = -63*c. Let q = 29 + c. What are the prime factors of q?
2, 5
Let v be (10 - 15)/(2/(-12)). List the prime factors of (-4)/v + 557/15 - -4.
41
Let p be (-3)/(-5) - (-1920)/50. Suppose 2 = p*f - 41*f. List the prime factors of (53 - -6) + 4*f.
5, 11
Let h = -4 - -17. Suppose 10 + h = f. List the prime factors of f.
23
Let t(y) be the first derivative of -5*y**2/2 - 13*y + 8. What are the prime factors of t(-6)?
17
Let h(o) = 2*o**3 - 3*o**2 - 4*o - 7. Let j be ((-4)/(-8)*10)/1. What are the prime factors of h(j)?
2, 37
Let w(d) = d**3 + 29*d**2 - 33*d + 76. What are the prime factors of w(-29)?
1033
Let x be (-3)/(-6) + (-18)/(-12). List the prime factors of x + -1 + 3 + 1.
5
Let o(x) = -x**2 - 5*x - 20. Let p be o(-9). What are the prime factors of (-5)/(p/(-19) - 3)?
5, 19
Let f(c) = 11 - 3 + 2*c**3 - 3*c**3 - 28*c**2 - 2*c + 36*c**2. List the prime factors of f(6).
2, 17
Let z(c) = -15*c + 2. Let n be z(5). Let b = n - -176. Li